Let t = g + j. What is the greatest common factor of 48 and t?
6
Suppose -4*b + 18 = 2*b. Suppose -b*x - 6 = -6*x. Suppose -x*h + 48 + 240 = 0. What is the highest common divisor of h and 18?
18
Suppose -18 = -r - 5*a, -4*a + 3*a + 5 = 0. Let h be 838/7 + (-2)/r. Let f be ((-660)/77)/((-4)/14). Calculate the highest common factor of h and f.
30
Suppose 65 = -y + 4*w, -5*w = -4*y - 148 - 156. Let r = 71 + y. Let d be ((15/(-3))/5)/(2/r). What is the greatest common factor of d and 10?
5
Let r(h) = -3*h**3 + 3*h**2 - 1. Let v be r(-1). Suppose 0 = -q - 2*z - 2*z + 43, -v*z + 260 = 5*q. Calculate the greatest common factor of 11 and q.
11
Suppose -32*k + 338910 = 46*k. What is the greatest common divisor of k and 553?
79
Suppose m = -m + 48. Suppose w + 128 = 125. Let l be (-7)/((-14)/6) - w*27. Calculate the greatest common factor of l and m.
12
Let k = -43 - -272. Let z = -209 + k. Calculate the highest common factor of 820 and z.
20
Suppose 5*a - 2483 = -2283. What is the greatest common factor of 255 and a?
5
Let t be (-3)/2*2*-7. Let b(v) = -v**2 - 10*v + 16. Let h be b(-10). Suppose -h + 13 = -u. Calculate the greatest common divisor of u and t.
3
Let p(f) be the third derivative of -35*f**4/12 + 11*f**3/3 + 88*f**2. Let z be p(-1). What is the highest common factor of 23 and z?
23
Suppose -18*k + 34*k - 240 = 0. Suppose 75 + 300 = k*i. Suppose 3*b - 21 = -0*x - 3*x, -1 = -b + 2*x. What is the highest common factor of i and b?
5
Let d = -41 - -114. Let x = 96 - d. Let l(g) = -g**3 + 21*g**2 + 47*g - 3. Let f be l(x). Calculate the greatest common divisor of 80 and f.
20
Let u = 228 - 234. Let f be (-40)/u + -7 + 95/15. What is the highest common divisor of f and 42?
6
Let g(u) = -87*u + 1. Let j be g(-2). Let q(d) = d**3 - 42*d**2 + 188*d - 97. Let n be q(37). Calculate the greatest common divisor of n and j.
7
Suppose 2*y = n + 31472 + 59685, 2*y - 4*n = 91136. What is the greatest common divisor of 213 and y?
213
Let m(b) = -10240*b**3 + 9*b**2 + 5*b - 4. Let f be m(-1). Calculate the greatest common factor of 60 and f.
20
Let p be (-16)/(-3) - 84/252. Suppose -u + 0*c - 3*c = -3, 5*c = -2*u + 6. Suppose -p*y + 395 = 5*m, y + u = 5. Calculate the highest common factor of 11 and m.
11
Let g(k) = 2*k**3 - 6*k - 5. Let f be g(5). Suppose -68*h + 86 = -66*h - 2*a, 4*h + 3*a = 172. What is the highest common factor of f and h?
43
Let m = 2543 + -2535. Suppose -3*r + 5*v + 36 + 22 = 0, 2*r = -5*v + 22. What is the highest common factor of r and m?
8
Let z(i) = 2*i - 19. Let j be z(10). Suppose j = 4*r - 7. Suppose 364 = r*h + 2*h. Calculate the highest common divisor of h and 13.
13
Suppose -8*s = -247 + 1447. Let f = s + 264. Calculate the greatest common divisor of 6 and f.
6
Let m(p) = -p**3 + p - 5. Suppose -5*h + 65 = -18*h. Let l be m(h). Let t be (-146)/(-10) + 46/l. Calculate the greatest common divisor of t and 45.
15
Let q(d) = d**3 - 20*d**2 - 431*d + 82. Let m be q(33). What is the highest common factor of m and 7?
1
Suppose -j - 1186 = -4*a, 5*a - 117*j + 116*j = 1483. Calculate the greatest common factor of a and 330.
33
Let b = 13508 + -11415. What is the greatest common divisor of b and 1127?
161
Let t be 6627 - 78/65*-5. Calculate the highest common factor of t and 297.
99
Suppose 0*v + 24 = v. Suppose 34*j - 7728 = 11*j. Calculate the highest common factor of v and j.
24
Let y = 26 - 14. Suppose 0 = 3*v - 5*t - 647, -710 - 395 = -5*v + 3*t. Suppose -94*g = -108*g + v. What is the greatest common factor of g and y?
4
Let i(r) = 4*r**2 + 4. Let b = 89 - 82. Let a be 40/25 + (b/5 - 1). Let w be i(a). Calculate the highest common divisor of 20 and w.
20
Let p(l) = l - 1. Let w(o) = -o**2 - 5*o - 13. Let k(c) = 2*p(c) - w(c). Let s be k(-5). Suppose -u = -9 + s. What is the highest common factor of u and 24?
8
Let q(o) = 13*o + 908. Let w be q(-67). Calculate the greatest common divisor of 1 and w.
1
Suppose 4*x = 845 - 885. Let i be (x/(-8))/((-6 - 0)/(-48)). Suppose 2*f - 134 = -3*w, -f + 204 = 2*f + 3*w. What is the highest common divisor of f and i?
10
Let y be (19 - (5 + 13))*16/1. What is the greatest common divisor of 868 and y?
4
Suppose 0 = -2*c - 2*x + 7*x + 9, -4*x - 4 = 0. Suppose 0*y + 104 = 3*y - t, -3*t = c*y - 62. Calculate the highest common factor of y and 170.
34
Suppose -p = 3*p - 680. Let m(r) = -2*r + 21. Let t be m(7). Suppose t*j - 476 = -0*j. What is the greatest common divisor of p and j?
34
Suppose l + 0*l + 47 = s, 123 = 3*s + 3*l. Let v = 52 - s. Suppose 0 = v*y - 848 + 304. What is the greatest common divisor of 102 and y?
34
Suppose 2*a + 4*z + 0*z + 12 = 0, 3*z + 7 = -2*a. Calculate the greatest common factor of a and 123.
1
Suppose 35*i - 434 = 266. Calculate the greatest common factor of i and 51.
1
Suppose -g + 105 = -h, 5*g + 13 = 3*h + 526. What is the greatest common factor of g and 11187?
99
Let a(n) = n**3 - 11*n**2 - 13*n + 14. Suppose 0 = -10*u + 11*u. Let g be (-8)/36 + u + 330/27. Let q be a(g). What is the greatest common factor of q and 22?
2
Suppose -12*s + 44*s + 17*s - 158417 = 0. What is the greatest common factor of s and 53?
53
Suppose -3*i = -p + 6*p - 70, -4*i + 3*p + 74 = 0. Let l be 38*(-4)/i*-5. Let r = 66 - l. Calculate the highest common divisor of 42 and r.
14
Let k(w) = 9*w + 240. Let q be k(-20). Suppose -222 = -2*o - 4*v, -q*v = -4*o - 56*v + 408. Calculate the highest common factor of 165 and o.
15
Let k be (246 - 21)*(4 + 11/(-3)). Let p be 2/(-8) + 242/8. What is the highest common divisor of k and p?
15
Let b(i) = -i**2 + 39*i - 33. Let y be b(33). Calculate the highest common divisor of 13805 and y.
55
Let z(u) = 79*u**2 + 82*u + 886. Let n be z(-10). Calculate the highest common factor of n and 70.
14
Suppose -3*l + 3*k + 75 = 0, -l + 0*k = -4*k - 25. Suppose -4*x = -l*x + 105. Calculate the greatest common factor of 60 and x.
5
Suppose 0 = -3*x + r + 27, x + 4*r = -x + 32. Suppose 4092 = 2*d + x*d. Calculate the highest common divisor of 62 and d.
31
Let z be (-15)/25*(-20)/6. Suppose 0 = -4*p + 202 - z. Let a = p + -44. Calculate the greatest common factor of 30 and a.
6
Let z(l) = l**2 + 13510*l - 94502. Let q be z(7). Suppose -3*t = -8*t + 780. Calculate the highest common factor of t and q.
39
Let l be 3*1/6*10 - -1867. Suppose -300*g = -291*g - l. What is the greatest common factor of 32 and g?
16
Let h = 102 - 98. Suppose 3*u - 160 = i + 65, 0 = 3*u + h*i - 240. Calculate the greatest common divisor of 8 and u.
4
Let f be -6*2/12*-4. Let j be 10/(-40) - (-9)/f. Suppose 5*q + g + 2 - 135 = 0, -2*q - j*g + 58 = 0. What is the highest common divisor of q and 13?
13
Suppose -4*u - 13 - 31 = -4*t, -3*u = -4*t + 45. Suppose 0 = -28*a + 14*a + 840. Calculate the greatest common divisor of a and t.
12
Let t(j) = -10 + 4*j + 0*j**3 - 7 + 8*j + j**3 + 14*j + 12*j**2. Let r be t(-8). Calculate the greatest common divisor of 124 and r.
31
Let b(n) = n**3 + 4*n**2 - 11*n + 270. Let k be b(0). What is the highest common divisor of 1404 and k?
54
Let v(x) = 9*x**3 + x**2 + x + 2. Let l be v(-2). Let h be (-5 + 6)/(2/l*-2). Let q be (-12)/102 + 87/h. Calculate the greatest common factor of q and 55.
5
Let u = 243 - 201. Suppose -n - u = -t, 0*t = 2*t - 3*n - 86. Let c = 19 - 9. What is the highest common divisor of t and c?
10
Let a(c) = c**3 - 4*c**2 + 9*c - 15. Let v = -501 + 506. Let i be a(v). Calculate the highest common factor of 5 and i.
5
Suppose 5*j + 310 = r - 309, 4*r = j + 2552. Let x = r - 386. What is the greatest common factor of x and 46?
23
Suppose 6*j - 676 = -634. What is the greatest common divisor of 112 and j?
7
Suppose 0*t + 100 = 3*t - 4*m, 0 = -2*t - 5*m + 59. Suppose -272 = 24*s - t*s. Calculate the highest common divisor of 17 and s.
17
Let c(a) = -a + 1. Let n(r) = -5*r - 18. Let p(j) = 6*c(j) + n(j). Let t = 370 - 373. Let q be p(t). What is the highest common divisor of 105 and q?
21
Suppose -i - d + 1595 = 0, -143*d + 1595 = i - 138*d. Calculate the highest common factor of 3625 and i.
145
Suppose -32*m + 195 = -189. Suppose 9*w = 621 + 1863. What is the highest common factor of m and w?
12
Let a = 6 - -3. Let b(v) = -311*v + 13927. Let d be b(44). What is the highest common divisor of d and a?
9
Let o(j) = j**3 - 12*j**2 - 14*j + 20. Le